{"id":2291,"date":"2019-03-19T13:11:37","date_gmt":"2019-03-19T13:11:37","guid":{"rendered":"http:\/\/ebinterchange.com.br\/?page_id=2291"},"modified":"2024-03-11T05:38:59","modified_gmt":"2024-03-11T08:38:59","slug":"varejo-e-commerce","status":"publish","type":"page","link":"https:\/\/ebinterchange.com.br\/index.php\/varejo-e-commerce\/","title":{"rendered":"Varejo e e-commerce"},"content":{"rendered":"\n<p>No din\u00e2mico e competitivo setor varejista, a integra\u00e7\u00e3o de sistemas surge como uma aliada estrat\u00e9gica, que impulsiona o crescimento e o sucesso dos neg\u00f3cios. A integra\u00e7\u00e3o conecta diversos sistemas, como PDV, ERP, CRM, e-commerce, BI (Business Intelligence), log\u00edstica e marketing, em uma \u00fanica plataforma. Essa integra\u00e7\u00e3o traz consigo uma s\u00e9rie de vantagens que otimizam opera\u00e7\u00f5es, elevam produtividade e proporcionam uma melhor experi\u00eancia de compra para os clientes e ganho de escala e redu\u00e7\u00e3o de custos nas empresas.<\/p>\n\n\n\n<h2 class=\"wp-block-heading\"><strong>Automa\u00e7\u00e3o dos fluxos de pedidos<\/strong><\/h2>\n\n\n\n<p>Uma empresa de sucesso precisa automatizar o fluxo de pedidos, desde a sua entrada, por meios f\u00edsicos ou online, de forma que os pedidos sejam devidamente tratados desde a sua gera\u00e7\u00e3o at\u00e9 a entrega para o cliente. Esta automa\u00e7\u00e3o permite um ganho de escalabilidade, com baixo custo entre os diversos canais de vendas que uma empresa possui. A tratativa de um pedido deve ser desde a sua gera\u00e7\u00e3o, passando pela parte fiscal, acompanhamento da entrega e finalmente a entrega do produto.<\/p>\n\n\n\n<h2 class=\"wp-block-heading\"><strong>Automa\u00e7\u00e3o dos fluxos de pedidos<\/strong><\/h2>\n\n\n\n<p>Uma empresa de sucesso precisa automatizar o fluxo de pedidos, desde a sua entrada, por meios f\u00edsicos ou online, de forma que os pedidos sejam devidamente tratados desde a sua gera\u00e7\u00e3o at\u00e9 a entrega para o cliente. Esta automa\u00e7\u00e3o permite um ganho de escalabilidade, com baixo custo entre os diversos canais de vendas que uma empresa possui. A tratativa de um pedido deve ser desde a sua gera\u00e7\u00e3o, passando pela parte fiscal, acompanhamento da entrega e finalmente a entrega do produto.<\/p>\n\n\n\n<h2 class=\"wp-block-heading\"><strong>Automa\u00e7\u00e3o dos fluxos de produtos<\/strong><\/h2>\n\n\n\n<p>Juntamente com os pedidos, surgem as demandas por controle de estoque e pre\u00e7o entre plataformas e suas integra\u00e7\u00f5es de cat\u00e1logo de produtos entre sistemas. Estas integra\u00e7\u00f5es devem contemplar toda a cadeia desde ao abastecimento do estoque junto a fornecedores, de forma a agilizar o processo de compras, como disponibilizar estoque e sincronismo de pre\u00e7o nos pontos de venda f\u00edsicos e online.<\/p>\n\n\n\n<h2 class=\"wp-block-heading\"><strong>Automa\u00e7\u00e3o dos fluxos de clientes<\/strong><\/h2>\n\n\n\n<p>O trabalho com a base de clientes \u00e9 fundamental para elevar as receitas da empresa. Por isso todos os consumidores devemser devidamente cadastrados e ter seus dados enviados para um bom trabalho de CRM, e Business Intelligence, gerando informa\u00e7\u00f5es valiosas para as \u00e1reas de vendas e marketing poderem desempenhar seu papel no potencial de vendas em cima da base de clientes. Integrar este ecossistema \u00e9 chave de sucesso para quem quer aproveitar ao m\u00e1ximo os clientes que j\u00e1 possuem rela\u00e7\u00e3o comercial com a empresa.<\/p>\n\n\n\n<h2 class=\"wp-block-heading\"><strong>Vis\u00e3o hol\u00edstica e estrat\u00e9gica<\/strong><\/h2>\n\n\n\n<p>A integra\u00e7\u00e3o oferece uma vis\u00e3o geral e unificada de todas as \u00e1reas do neg\u00f3cio, permitindo uma an\u00e1lise completa e estrat\u00e9gica dos dados.<br>Com informa\u00e7\u00f5es precisas, os gestores tomam decis\u00f5es mais assertivas, baseadas em fatos e n\u00e3o em suposi\u00e7\u00f5es, impulsionando o crescimento sustent\u00e1vel do neg\u00f3cio.<\/p>\n\n\n\n<h2 class=\"wp-block-heading\"><strong>Agilidade e efici\u00eancia operacional<\/strong><\/h2>\n\n\n\n<p>A automatiza\u00e7\u00e3o de tarefas repetitivas libera os colaboradores para focar em atividades estrat\u00e9gicas e de alto valor.<br>Otimiza\u00e7\u00e3o do tempo e dos recursos, aumentando a produtividade e a efici\u00eancia da equipe.<\/p>\n\n\n\n<h2 class=\"wp-block-heading\"><strong>Melhor experi\u00eancia do cliente<\/strong><\/h2>\n\n\n\n<p>A integra\u00e7\u00e3o garante um atendimento personalizado e omnichannel, com informa\u00e7\u00f5es consistentes em todos os pontos de contato.<br>Clientes satisfeitos e fidelizados, impulsionando o retorno sobre investimento (ROI).<\/p>\n\n\n\n<h2 class=\"wp-block-heading\"><strong>Maior seguran\u00e7a e confiabilidade dos dados<\/strong><\/h2>\n\n\n\n<p>A integra\u00e7\u00e3o proporciona maior confiabilidade e seguran\u00e7a para o neg\u00f3cio e seus clientes, pois n\u00e3o existem intera\u00e7\u00f5es manuais.<\/p>\n\n\n\n<h2 class=\"wp-block-heading\"><strong>Aplicabilidades da integra\u00e7\u00e3o de sistemas no varejo:<\/strong><\/h2>\n\n\n\n<p><strong>PDV:<\/strong>&nbsp;Integra\u00e7\u00e3o com o ERP para atualiza\u00e7\u00e3o do estoque, gest\u00e3o de pre\u00e7os e promo\u00e7\u00f5es, e controle de vendas.<\/p>\n\n\n\n<p><strong>E-commerce:<\/strong>&nbsp;Integra\u00e7\u00e3o com o ERP para sincroniza\u00e7\u00e3o do cat\u00e1logo de produtos, estoque, pedidos e pagamentos.<\/p>\n\n\n\n<p><strong>CRM:<\/strong>&nbsp;Integra\u00e7\u00e3o com o PDV e e-commerce para unificar o hist\u00f3rico de compras dos clientes, oferecer um atendimento personalizado e direcionar campanhas de marketing.<\/p>\n\n\n\n<p><strong>Log\u00edstica:<\/strong>&nbsp;Integra\u00e7\u00e3o do WMS e TMS com o ERP para otimiza\u00e7\u00e3o da cadeia log\u00edstica, rastreamento de pedidos e gest\u00e3o de entregas.<\/p>\n\n\n\n<p><strong>Marketing:<\/strong>&nbsp;Integra\u00e7\u00e3o com o CRM para cria\u00e7\u00e3o de campanhas personalizadas, segmenta\u00e7\u00e3o de p\u00fablico e an\u00e1lise de resultados.<\/p>\n\n\n\n<p><strong>Abastecimento:<\/strong>&nbsp; Integra\u00e7\u00e3o com fornecedores para compra de produtos de forma atualizada, eliminando erros e custos nesta opera\u00e7\u00e3o.<\/p>\n\n\n\n<p><strong>BI &#8211; Business Intelligence:<\/strong>&nbsp; Integra\u00e7\u00e3o de dados dos diversos sistemas citados acima para gerar relat\u00f3rios que tragam ideias de melhoria e m\u00e9tricas para potencializar a opera\u00e7\u00e3o.<\/p>\n\n\n\n<h3 class=\"wp-block-heading\">Conhe\u00e7a algumas das integra\u00e7\u00f5es destinadas ao Varejo e e-Commerce que a EBInterchange disponibiliza para o mercado:<\/h3>\n\n\n\n<ul class=\"wp-block-list\">\n<li><strong>E-Commerce:<\/strong> VTEX, Magento, MercadoShops, Loja Integrada, 00K, AnyMarket, Tray Commerce, Tray Corp, Core Lynx;<\/li>\n\n\n\n<li><strong>ERPs e sistemas fiscais:<\/strong> Oracle Application, SAP, MercadoBackOffice, OnClick, KPL, TOTVS Protheus, TOTVS Datasul, NBS, AOKI, PWI, Saci V8, Eccosys, Microsoft Dynamics, Senior, Tiny, Bling, Lynx, Softvar, Synchro; RP Flexy; Arquivei;<\/li>\n\n\n\n<li><strong>WMS e Log\u00edstica:<\/strong> Tegma, Gol Log, CNTLog, Braspress, Silt, Senior, Thorpe; Intelipost; Routeasy; Frete F\u00e1cil;<\/li>\n\n\n\n<li><strong>Sistema de Pre\u00e7o:<\/strong> Sieve, Precifica;<\/li>\n\n\n\n<li><strong>Business Intelligence:<\/strong>&nbsp;OnClick,&nbsp;Tableau;<\/li>\n\n\n\n<li><strong>CRM:<\/strong> SalesForce, Microsoft Dinamics;<\/li>\n\n\n\n<li><b>Crossdocking e Distribuidores: <\/b>Squid F\u00e1cil, Hyamax, SND, G2A Games;<\/li>\n<\/ul>\n\n\n\n<p>Otimize o fluxo de trabalho de sua empresa. Entre em <a href=\"https:\/\/ebinterchange.com.br\/index.php\/contato\/\">contato com a EBInterchange<\/a> e conhe\u00e7a mais detalhes sobre nossas solu\u00e7\u00f5es e o nosso ecossistema integrado.<\/p>\n","protected":false},"excerpt":{"rendered":"<p>No din\u00e2mico e competitivo setor varejista, a integra\u00e7\u00e3o de sistemas surge como uma aliada estrat\u00e9gica, que impulsiona o crescimento e o sucesso dos neg\u00f3cios. A integra\u00e7\u00e3o conecta diversos sistemas, como PDV, ERP, CRM, e-commerce, BI (Business Intelligence), log\u00edstica e marketing, em uma \u00fanica plataforma. Essa integra\u00e7\u00e3o traz consigo uma s\u00e9rie de vantagens que otimizam opera\u00e7\u00f5es, [&hellip;]<\/p>\n","protected":false},"author":2,"featured_media":2558,"parent":0,"menu_order":0,"comment_status":"closed","ping_status":"closed","template":"","meta":{"footnotes":""},"class_list":["post-2291","page","type-page","status-publish","has-post-thumbnail","hentry"],"_links":{"self":[{"href":"https:\/\/ebinterchange.com.br\/index.php\/wp-json\/wp\/v2\/pages\/2291","targetHints":{"allow":["GET"]}}],"collection":[{"href":"https:\/\/ebinterchange.com.br\/index.php\/wp-json\/wp\/v2\/pages"}],"about":[{"href":"https:\/\/ebinterchange.com.br\/index.php\/wp-json\/wp\/v2\/types\/page"}],"author":[{"embeddable":true,"href":"https:\/\/ebinterchange.com.br\/index.php\/wp-json\/wp\/v2\/users\/2"}],"replies":[{"embeddable":true,"href":"https:\/\/ebinterchange.com.br\/index.php\/wp-json\/wp\/v2\/comments?post=2291"}],"version-history":[{"count":8,"href":"https:\/\/ebinterchange.com.br\/index.php\/wp-json\/wp\/v2\/pages\/2291\/revisions"}],"predecessor-version":[{"id":4268,"href":"https:\/\/ebinterchange.com.br\/index.php\/wp-json\/wp\/v2\/pages\/2291\/revisions\/4268"}],"wp:featuredmedia":[{"embeddable":true,"href":"https:\/\/ebinterchange.com.br\/index.php\/wp-json\/wp\/v2\/media\/2558"}],"wp:attachment":[{"href":"https:\/\/ebinterchange.com.br\/index.php\/wp-json\/wp\/v2\/media?parent=2291"}],"curies":[{"name":"wp","href":"https:\/\/api.w.org\/{rel}","templated":true}]}}