{"id":954,"date":"2015-08-04T15:47:13","date_gmt":"2015-08-04T15:47:13","guid":{"rendered":"http:\/\/ebinterchange.com.br\/?page_id=811"},"modified":"2024-04-25T09:15:34","modified_gmt":"2024-04-25T12:15:34","slug":"tutorial-edi","status":"publish","type":"page","link":"https:\/\/ebinterchange.com.br\/index.php\/tutorial-edi\/","title":{"rendered":"Tutorial de EDI"},"content":{"rendered":"<h3>Afinal, o que \u00e9 EDI?<\/h3>\nVoc\u00ea j\u00e1 se deu conta da quantidade de trocas de arquivos de pedidos, notas fiscais, cobran\u00e7as, estoques entre muitos outros que as empresas realizam todos os dias? O EDI, abrevia\u00e7\u00e3o de Eletronic Data Interchange, consiste na troca de arquivos entre \u00e1reas e empresas no ecossistema B2B.\n\nA EBInterchange trabalha h\u00e1 mais de 20 anos desenvolvendo solu\u00e7\u00f5es para em EDI para diversos segmentos de mercado.\n\nO EBI | EDI Gateway foi desenvolvido para trazer sobretudo, agilidade, produtividade e seguran\u00e7a nos processos de EDI da empresa.\n<h3>Caracter\u00edsticas do EDI Gateway:<\/h3>\n<ul>\n \t<li>Realiza a troca de mensagens e arquivos comerciais nos padr\u00f5es do EDI;<\/li>\n \t<li>Integra sistemas ERPs e solu\u00e7\u00f5es especializadas;<\/li>\n \t<li>Automatiza os processos, e dessa forma otimiza a seguran\u00e7a das transa\u00e7\u00f5es comerciais;<\/li>\n \t<li>Insere informa\u00e7\u00f5es em bases de dados para processamento e BI;<\/li>\n \t<li>Conecta sistemas empresariais \u00e0 cadeia de neg\u00f3cios colaborativos;<\/li>\n \t<li>Integra empresas ao sistema financeiro;<\/li>\n \t<li>Integra empresas de log\u00edstica;<\/li>\n<\/ul>\nA comunica\u00e7\u00e3o entre empresas \u00e9 realizada atrav\u00e9s de determinados padr\u00f5es, de acordo com a finalidade do processo executado. Assim, o SPB do sistema banc\u00e1rio utiliza protocolos como Pel, Interpel, Connect Direct assim como o Psit. A comunica\u00e7\u00e3o de empresas com pagamento a bancos utiliza o formado CNAB, entretanto, com detalhes adaptados para cada institui\u00e7\u00e3o. Existem padr\u00f5es de nota fiscal como TIVIT, Proceda entre outros, bem como no exterior o sistema financeiro trabalha com padr\u00e3o o SWIFTnet assim como EBICS.\n\nNossa plataforma suporta todos formatos de protocolo, podendo inclusive efetuar a convers\u00e3o de um padr\u00e3o para o outro, pois \u00e9 adapt\u00e1vel \u00e0 necessidades de cada projeto.\n\n<hr \/>\n\n<h3>\n<div class=\"uk-accordion uk-text-left \" data-uk-accordion=\"{collapse: false,showfirst: false}\">\n\n\n    <h3 class=\"uk-accordion-title\">Principais padr\u00f5es de EDI utilizados no mercado<\/h3>\n\n    <div class=\"uk-accordion-content\">\n\n        \n        \n        \n                <div class=\"uk-margin\"><ul>\n<li>CNAB<\/li>\n<li>Proced<\/li>\n<li>TIVIT<\/li>\n<li>Interpel<\/li>\n<li>ANSI X12<\/li>\n<li>EDIfact<\/li>\n<li>EBICS<\/li>\n<li>SwiftNet<\/li>\n<li>RNET<\/li>\n<li>FIPS<\/li>\n<li>XML<\/li>\n<li>CSV<\/li>\n<li>VB<\/li>\n<\/ul><\/div>\n        \n        \n        \n        \n    <\/div>\n\n\n<\/div>\n<\/h3>\n\n<hr \/>\n\n<h3>Integra\u00e7\u00e3o com o EBI | Connection Center<\/h3>\nUtilizando o EDI Gateway em conjunto com o EBI | Connection Center, a empresa ter\u00e1 ao seu dispor uma vasta gama de benef\u00edcios em seus processos de integra\u00e7\u00e3o e EDI, visto que ser\u00e1 capaz de integrar processos utilizando diversos padr\u00f5es. Conhe\u00e7a algumas vantagens:\n<ul>\n \t<li>Integra\u00e7\u00e3o com o Sistema Financeiro diversos padr\u00f5es, como por exemplo, CNAB, SWIFTNet e Interpel.<\/li>\n \t<li>Automatiza\u00e7\u00e3o de interc\u00e2mbio de dados, com valida\u00e7\u00f5es entre plataformas, ERP e outros como SAP, ORACLE, TOTVS, KPL, VTEX, ECCOSYS, BECOMEX, NEXT, SOFTWAY, SYTHEX e outros;<\/li>\n \t<li>Aplica\u00e7\u00e3o de regras de neg\u00f3cio tornando os processos mais aderentes ao neg\u00f3cio;<\/li>\n \t<li>Automatiza\u00e7\u00e3o de processos comerciais evitando interven\u00e7\u00f5es manuais, diminuindo riscos assim como elevando a efici\u00eancia;<\/li>\n \t<li>Processamento de arquivos anexos a partir de emails;<\/li>\n \t<li>Automatiza\u00e7\u00e3o da reposi\u00e7\u00e3o de estoque;<\/li>\n \t<li>Integra\u00e7\u00e3o de novos Trading Partners;<\/li>\n \t<li>Integra\u00e7\u00e3o dos servi\u00e7os e provedores;<\/li>\n \t<li>Integra\u00e7\u00e3o de fornecedores, clientes e parceiros;<\/li>\n \t<li>Inser\u00e7\u00e3o de dados dos sistemas internos em bases de BI;<\/li>\n \t<li>Integra\u00e7\u00e3o de Boletos de Pagamento assim como de notas fiscais<\/li>\n \t<li>Conex\u00e3o do estoque de diferentes empresas;<\/li>\n \t<li>Disparo de SMS atrav\u00e9s de gatilhos personalizados;<\/li>\n<\/ul>\nSaiba mais sobre o que o EBI | Connection Center\u00a0 pode fazer pela sua empresa <a href=\"https:\/\/ebinterchange.com.br\/index.php\/ebi-connection-center\/\">clicando aqui.<\/a>\n\n<hr \/>\n\n<h3 class=\"uk-panel-title uk-text-primary\"><strong>Entre em contato com a EBInterchange<\/strong><\/h3>\n<div class=\"uk-form uk-panel uk-panel-box widget_text\"><div role=\"form\" class=\"wpcf7\" id=\"wpcf7-f6-o1\" lang=\"pt-BR\" dir=\"ltr\">\n<div class=\"screen-reader-response\"><\/div>\n<form action=\"\/index.php\/wp-json\/wp\/v2\/pages\/954#wpcf7-f6-o1\" method=\"post\" class=\"wpcf7-form\" novalidate=\"novalidate\">\n<div style=\"display: none;\">\n<input type=\"hidden\" name=\"_wpcf7\" value=\"6\" \/>\n<input type=\"hidden\" name=\"_wpcf7_version\" value=\"5.1.1\" \/>\n<input type=\"hidden\" name=\"_wpcf7_locale\" value=\"pt_BR\" \/>\n<input type=\"hidden\" name=\"_wpcf7_unit_tag\" value=\"wpcf7-f6-o1\" \/>\n<input type=\"hidden\" name=\"_wpcf7_container_post\" value=\"0\" \/>\n<input type=\"hidden\" name=\"g-recaptcha-response\" value=\"\" \/>\n<\/div>\n<ul class=\"uk-grid uk-grid-large-1-1 uk-grid-width-large-1-2 uk-grid-width-large-1-3\" data-uk-grid-margin=\"\">\n<li>\n<div class=\"uk-panel\">\n<p> Nome:<br \/><span class=\"wpcf7-form-control-wrap your-name\"><input type=\"text\" name=\"your-name\" value=\"\" size=\"40\" class=\"wpcf7-form-control wpcf7-text wpcf7-validates-as-required uk-width-1-1\" aria-required=\"true\" aria-invalid=\"false\" placeholder=\"Digite aqui seu o nome\" \/><\/span><\/div>\n<\/li>\n<li>\n<div class=\"uk-panel\">\n<p> E-mail:<br \/><span class=\"wpcf7-form-control-wrap your-email\"><input type=\"email\" name=\"your-email\" value=\"\" size=\"40\" class=\"wpcf7-form-control wpcf7-text wpcf7-email wpcf7-validates-as-required wpcf7-validates-as-email uk-width-1-1\" aria-required=\"true\" aria-invalid=\"false\" placeholder=\"Seu e-mail completo\" \/><\/span><\/div>\n<\/li>\n<li>\n<div class=\"uk-panel\">\n<p> Telefone:<br \/><span class=\"wpcf7-form-control-wrap tel-34800k\"><input type=\"tel\" name=\"tel-34800k\" value=\"\" size=\"40\" class=\"wpcf7-form-control wpcf7-text wpcf7-tel wpcf7-validates-as-required wpcf7-validates-as-tel uk-width-1-1\" aria-required=\"true\" aria-invalid=\"false\" placeholder=\"Digite o seu telefone com o c\u00f3digo de \u00e1rea\" \/><\/span><\/div>\n<\/li>\n<\/ul>\n<ul class=\"uk-grid uk-grid-large-1-1 uk-grid-width-large-1-2\" data-uk-grid-margin=\"\">\n<li>\n<div class=\"uk-panel\">\n<p> Empresa:<br \/><span class=\"wpcf7-form-control-wrap text-666\"><input type=\"text\" name=\"text-666\" value=\"\" size=\"40\" class=\"wpcf7-form-control wpcf7-text wpcf7-validates-as-required uk-width-1-1\" aria-required=\"true\" aria-invalid=\"false\" placeholder=\"Nome da sua empresa\" \/><\/span><\/div>\n<\/li>\n<li>\n<div class=\"uk-panel\">\n<p> Produto de interesse:<br \/><span class=\"wpcf7-form-control-wrap menu-609\"><select name=\"menu-609\" class=\"wpcf7-form-control wpcf7-select wpcf7-validates-as-required uk-width-1-1\" aria-required=\"true\" aria-invalid=\"false\"><option value=\"Selecione o produto sobre qual deseja informa\u00e7\u00f5es\">Selecione o produto sobre qual deseja informa\u00e7\u00f5es<\/option><option value=\"EBI Connection Center\">EBI Connection Center<\/option><option value=\"EBI API Connector\">EBI API Connector<\/option><option value=\"EBI EDI Gateway\">EBI EDI Gateway<\/option><\/select><\/span><\/div>\n<\/li>\n<\/ul>\n<p> Sua mensagem:<br \/>\n    <span class=\"wpcf7-form-control-wrap your-message\"><textarea name=\"your-message\" cols=\"1\" rows=\"3\" class=\"wpcf7-form-control wpcf7-textarea wpcf7-validates-as-required uk-width-1-1\" aria-required=\"true\" aria-invalid=\"false\" placeholder=\"Digite aqui sua mensagem\"><\/textarea><\/span> <\/p>\n<div class=\"g-recaptcha\" data-sitekey=\"6LeQDFAqAAAAAJghW-5HySsNuV7_15hDj2y4ArN6\" data-action=\"LOGIN\"><\/div>\n<p>      <br\/><\/p>\n<p><input type=\"submit\" value=\"Enviar mensagem\" class=\"wpcf7-form-control wpcf7-submit uk-button uk-button-primary uk-width-1-1 uk-button-large\" \/><\/p>\n<div class=\"wpcf7-response-output wpcf7-display-none\"><\/div><\/form><\/div><\/div>","protected":false},"excerpt":{"rendered":"<p>Afinal, o que \u00e9 EDI? Voc\u00ea j\u00e1 se deu conta da quantidade de trocas de arquivos de pedidos, notas fiscais, cobran\u00e7as, estoques entre muitos outros que as empresas realizam todos os dias? O EDI, abrevia\u00e7\u00e3o de Eletronic Data Interchange, consiste na troca de arquivos entre \u00e1reas e empresas no ecossistema B2B. A EBInterchange trabalha h\u00e1 [&hellip;]<\/p>\n","protected":false},"author":2,"featured_media":2419,"parent":0,"menu_order":0,"comment_status":"closed","ping_status":"open","template":"","meta":{"footnotes":""},"class_list":["post-954","page","type-page","status-publish","has-post-thumbnail","hentry"],"_links":{"self":[{"href":"https:\/\/ebinterchange.com.br\/index.php\/wp-json\/wp\/v2\/pages\/954","targetHints":{"allow":["GET"]}}],"collection":[{"href":"https:\/\/ebinterchange.com.br\/index.php\/wp-json\/wp\/v2\/pages"}],"about":[{"href":"https:\/\/ebinterchange.com.br\/index.php\/wp-json\/wp\/v2\/types\/page"}],"author":[{"embeddable":true,"href":"https:\/\/ebinterchange.com.br\/index.php\/wp-json\/wp\/v2\/users\/2"}],"replies":[{"embeddable":true,"href":"https:\/\/ebinterchange.com.br\/index.php\/wp-json\/wp\/v2\/comments?post=954"}],"version-history":[{"count":33,"href":"https:\/\/ebinterchange.com.br\/index.php\/wp-json\/wp\/v2\/pages\/954\/revisions"}],"predecessor-version":[{"id":4298,"href":"https:\/\/ebinterchange.com.br\/index.php\/wp-json\/wp\/v2\/pages\/954\/revisions\/4298"}],"wp:featuredmedia":[{"embeddable":true,"href":"https:\/\/ebinterchange.com.br\/index.php\/wp-json\/wp\/v2\/media\/2419"}],"wp:attachment":[{"href":"https:\/\/ebinterchange.com.br\/index.php\/wp-json\/wp\/v2\/media?parent=954"}],"curies":[{"name":"wp","href":"https:\/\/api.w.org\/{rel}","templated":true}]}}